 prime?
False
Is 72603926897 a prime number?
True
Is 59133787 a composite number?
False
Is 272438909 prime?
True
Is 125693357 prime?
True
Is 3016365943 prime?
True
Is 4793089481 a prime number?
True
Is 791788609 a composite number?
True
Is 2363248687 a composite number?
False
Is 490732457 a prime number?
False
Is 11408009209 a composite number?
True
Is 194870595827 composite?
False
Is 1652558549 composite?
True
Is 466968649 composite?
True
Is 338122867609 a composite number?
False
Is 2431982243 a composite number?
True
Is 837321937 composite?
False
Is 61950753647 prime?
True
Is 230645383 a prime number?
False
Is 31769609 prime?
False
Is 65397681691 composite?
False
Is 817134569 prime?
True
Is 15784031537 a prime number?
False
Is 6127784669 a prime number?
True
Is 2844310277 a prime number?
False
Is 1597201343 composite?
True
Is 132668083871 prime?
True
Is 32910645659 a composite number?
True
Is 86424014247 a prime number?
False
Is 1445321209 a prime number?
False
Is 4653087031 prime?
True
Is 407515309 composite?
True
Is 41607734527 prime?
True
Is 141354581 a prime number?
True
Is 33795425081 prime?
False
Is 2144345891 a composite number?
False
Is 702803999 prime?
True
Is 272240173 composite?
False
Is 1578273181 a prime number?
True
Is 9726641417 a composite number?
True
Is 3346353851 a composite number?
False
Is 3384287077 a composite number?
False
Is 14335046569 a composite number?
True
Is 557527879 composite?
False
Is 26022054769 a prime number?
True
Is 6777208351 composite?
False
Is 51914001406 a composite number?
True
Is 15604325437 a prime number?
True
Is 462658969 composite?
True
Is 51973117631 composite?
False
Is 29789631551 a prime number?
False
Is 19795746631 prime?
False
Is 1672459219 a prime number?
False
Is 1906059647 composite?
True
Is 307155479 a composite number?
False
Is 4810656439 composite?
False
Is 8288249803 prime?
False
Is 26683148143 a prime number?
True
Is 6984539201 prime?
True
Is 69306030539 composite?
False
Is 60274871071 a prime number?
True
Is 4028204987 a prime number?
True
Is 2193113017 composite?
False
Is 3638427113 composite?
True
Is 10231274293 a prime number?
True
Is 250114621 a composite number?
False
Is 292805557 a composite number?
True
Is 91554557 a composite number?
True
Is 74543869315 composite?
True
Is 348938833 prime?
True
Is 78443029 a prime number?
False
Is 2924600297 prime?
True
Is 3920479 composite?
True
Is 6990847313 composite?
False
Is 13525870661 a prime number?
False
Is 1427553427 composite?
True
Is 51825642537 a prime number?
False
Is 2809074173 a prime number?
True
Is 50774096203 composite?
True
Is 39362039231 a composite number?
True
Is 458227883 prime?
False
Is 2145088193 composite?
True
Is 169636352851 a prime number?
False
Is 104254897289 a prime number?
False
Is 17679357701 a prime number?
True
Is 238829713 a composite number?
True
Is 31023750079 prime?
False
Is 30897581971 composite?
True
Is 1693378081 composite?
True
Is 3425938883 a prime number?
True
Is 117405771267 prime?
False
Is 21639367 prime?
True
Is 2299329787 composite?
False
Is 24502382291 prime?
True
Is 64893497 prime?
True
Is 115368559 a composite number?
True
Is 1227423233 a prime number?
False
Is 5776721 prime?
True
Is 602573591 a composite number?
False
Is 41680729271 a composite number?
False
Is 5635670267 composite?
False
Is 22814121349 prime?
True
Is 1470900733 a composite number?
True
Is 8071634437 a composite number?
False
Is 2763006461 a prime number?
True
Is 4153641491 composite?
False
Is 19836591743 a prime number?
True
Is 22238411081 a composite number?
True
Is 584111401 a composite number?
True
Is 82479271137 a prime number?
False
Is 170252420207 a composite number?
True
Is 940667821 a composite number?
False
Is 3665566939 composite?
False
Is 1704630197 composite?
False
Is 1699691347 a composite number?
True
Is 10634150327 prime?
True
Is 29016828527 a prime number?
False
Is 1941479077 a composite number?
True
Is 170203753 a prime number?
True
Is 11695475483 a prime number?
True
Is 1777042801 composite?
True
Is 20378357809 a composite number?
False
Is 459547982 a composite number?
True
Is 4462355671 a prime number?
True
Is 1416763609 a composite number?
False
Is 89394937 composite?
False
Is 5033977199 a composite number?
False
Is 197153093 composite?
True
Is 3572064073 a composite number?
False
Is 20491053523 prime?
True
Is 720671569 a composite number?
True
Is 20174768843 composite?
False
Is 21762386753 prime?
True
Is 77432039 composite?
False
Is 391703549 composite?
True
Is 28727517163 a composite number?
True
Is 69543279233 a prime number?
False
Is 17833919083 a composite number?
True
Is 13881804949 composite?
False
Is 66009824183 composite?
True
Is 5388931707 composite?
True
Is 13394703041 composite?
True
Is 23084203859 a composite number?
False
Is 4717190347 composite?
True
Is 3721481147 composite?
False
Is 2659788347 prime?
False
Is 497783233 a composite number?
True
Is 78664301699 composite?
False
Is 17594844991 composite?
False
Is 2835271723 a prime number?
True
Is 158684580591 composite?
True
Is 1347610237 a composite number?
True
Is 126440933237 a prime number?
False
Is 33808376111 prime?
True
Is 74442268213 a composite number?
False
Is 3555463699 composite?
False
Is 991094215 a prime number?
False
Is 1812528259 a prime number?
False
Is 882409795 composite?
True
Is 445809541 prime?
True
Is 897896282 prime?
False
Is 143811332611 a prime number?
True
Is 393209729 a composite number?
True
Is 19276211693 a prime number?
True
Is 620202559 prime?
True
Is 1010901127 prime?
False
Is 728034421 prime?
True
Is 12838195787 composite?
False
Is 71109061 prime?
False
Is 34367898599 composite?
False
Is 120330168547 prime?
True
Is 58500155983 a composite number?
True
Is 25604184101 prime?
False
Is 16995259163 a composite number?
False
Is 24846481571 a prime number?
True
Is 424904803 prime?
False
Is 30788136823 a composite number?
False
Is 579316291 composite?
False
Is 869997641 prime?
False
Is 518570101 prime?
False
Is 3417086219 composite?
False
Is 35442708407 prime?
True
Is 1515442561 a prime number?
False
Is 12160705819 a prime number?
True
Is 2065145339 a prime number?
True
Is 56724503029 a composite number?
True
Is 14689061061 composite?
True
Is 15279944887 a composite number?
False
Is 6610173689 prime?
False
Is 1453169779 composite?
True
Is 705940319 a composite number?
True
Is 445368697 prime?
True
Is 1274960893 prime?
False
Is 670533173 a prime number?
True
Is 89316989 prime?
True
Is 181485411557 composite?
True
Is 2979488219 a prime number?
True
Is 697943149 prime?
True
Is 57035702753 composite?
False
Is 11984059891 prime?
False
Is 1535641581 a composite number?
True
Is 2995346141 composite?
False
Is 910061231 a composite number?
True
Is 417194443 a composite number?
False
Is 103807914979 a prime number?
False
Is 1766365949 a composite number?
False
Is 10811016851 a prime number?
True
Is 39560507 composite?
True
Is 46204415171 a prime number?
True
Is 28772059 a composite number?
True
Is 32678675239 a composite number?
True
Is 5617889401 a prime number?
False
Is 104748289927 a composite number?
False
Is 9674408963 a prime number?
True
Is 188152235041 composite?
False
Is 1075980047 prime?
False
Is 39818693 a prime number?
True
Is 3163130651 prime?
False
Is 3036335923 prime?
False
Is 10243856891 prime?
True
Is 7793504993 prime?
True
Is 21085882267 prime?
True
Is 3951019613 composite?
False
Is 4191453947 composite?
False
Is 169302587 a prime number?
False
Is 5446524497 a prime number?
False
Is 3281828791 composite?
False
Is 30909407 prime?
True
Is 1978185347 a composite number?
False
Is 724760227 a prime number?
False
Is 59886374 a prime number?
False
Is 845088778 prime?
False
Is 5754393559 prime?
False
Is 336074213 a prime number?
False
Is 16283433799 prime?
False
Is 447204983 a prime number?
True
Is 5011646761 a prime number?
False
Is 11791802111 a composite number?
False
Is 4346684229 a composite number?
True
Is 263884771 composite?
False
Is 2349301333 a composite number?
True
Is 43396783 a prime number?
True
Is 272588527 a prime number?
False
Is 16957408543 a composite number?
True
Is 2219465543 composite?
False
Is 498047987 a composite number?
True
Is 7142399639 prime?
False
Is 25184040085 composite?
True